+ -2 + 4 - (-14 - (-4 + -16)).
-4
Evaluate 28 + -51 - (0 - 8 - -6).
-21
Evaluate -27 + 42 + -30 + -10.
-25
Evaluate (3 - 19) + -2 - (30 + -35).
-13
What is 7 - (0 + -5 + 7 + -4 + 6)?
3
Evaluate 0 - -3 - (-6 - 1).
10
Evaluate -8 + -2 + -10 - -23.
3
(1 - -11) + 18 + -28 + 4
6
Calculate (-14 + 60 - 12 - 16) + -25.
-7
What is the value of -13 - (-24 + 50) - -31?
-8
11 + -6 - (4 - (-4 + 1))
-2
Evaluate -9 + 1 + (9 - 18) + 4 - -4.
-9
Evaluate 0 + (-11 - -20 - 7) + 18 + -10.
10
What is 3 - ((4 - (-11 + 26)) + 17)?
-3
What is the value of 30 - (3 - (13 + (-29 - -2)))?
13
What is the value of 2 + (-28 + 5 - (6 - 5))?
-22
Evaluate (-60 - -33) + 18 - 0.
-9
What is 9 + (-32 - (-4 + 7 - 1)) + 9?
-16
Evaluate (-27 + 6 - -12) + 1 + -4.
-12
What is -69 + 40 + 3 + 7?
-19
What is (2 - -2) + -3 + 1 + 1 + 1?
4
Calculate -240 - -239 - (-11 + (2 - 1)).
9
Calculate -95 + 103 + (-6 + 3 + -34 - -3).
-26
What is (-3 - (-3 - (7 + -4))) + -7?
-4
What is 1018 + -1029 + (1 - 1) + -9?
-20
What is the value of -10 + (-5 - -4) + -5 + 11?
-5
What is -52 - -56 - (-3 + (-3 - -10))?
0
What is 12 + -8 + 6 + 13 + -15?
8
(21 + -12 - 18) + (3 - (-1 + 0))
-5
Evaluate (-9 - (6 - 16)) + -34.
-33
(-11 - (-10 + 1)) + 0 + 0
-2
Calculate 0 + 0 + 0 - ((-9 - 40) + 29).
20
Calculate -4 - -2 - (-2 - (-29 - -46)).
17
Calculate (-10 + (-5 - -5) - -9) + -5.
-6
Calculate 8 + (-6 - (-3 + -1)).
6
What is the value of -10 + 18 + -16 + -13?
-21
-9 - ((-15 - -25) + -1 + 7)
-25
2 - (-10 - -6) - (-4 + 1 + -3)
12
6 + (-1 - -1) + -6 + 6
6
What is the value of 47 + 4 + -36 - -10?
25
What is the value of 1 + -5 + 2 + 1 + (11 - 1)?
9
What is -18 + 18 - (20 - 4)?
-16
Evaluate 4 + 1 + -1 - (-7 - -6).
5
What is -21 - (-9 + 0 - (88 + -96))?
-20
-4 + 9 - -4 - (40 + -58)
27
Calculate -1 + (-2 - -27) - (1007 + -1002).
19
What is the value of (-24 - -4) + 15 + 20?
15
What is the value of -5 + (-5 - (1 - 8)) - -4?
1
(-23 - -21) + 2 + -13 - -3
-10
(10 - 27) + (-1 + (3 - 3) - -8)
-10
What is the value of (-6 - 0) + (-53 - -57) + 6 + -1?
3
Calculate -8 - (3 + 5) - ((9 - 1) + -2).
-22
What is 1 - 0 - ((8 - -1) + 54 + -28)?
-34
-4 + 3 + 24 + 3 - 8
18
-2 - -11 - (9 + (-7 - (1 + -19)))
-11
What is 3 - (-11 - (-35 + 11))?
-10
What is (4 - 4 - 8) + 3 + -2 + 3?
-4
Evaluate 13 + -2 + 2 - (8 - (15 - 1)).
19
What is (24 - 18) + -4 + 3?
5
What is (-10 + -3 + 6 - 6) + 18?
5
Evaluate (-1 - -1) + 3 - (33 - 20 - 14).
4
0 + (-2 - -3) + (-30 - (-22 + 6))
-13
What is the value of 11 - -7 - 9 - (-3 - -6 - -2)?
4
Calculate (-1 - (8 + 0)) + 16 + -39 + 23.
-9
Evaluate (15 - ((-11 - -8) + 35)) + 16.
-1
Calculate (-13 - (15 - 26)) + 5.
3
What is (-2 - (-4 + 2)) + 19 - 2?
17
What is the value of -7 + 5 - (7 + -7 + -20)?
18
-27 - (-22 - 2 - -5)
-8
Calculate -10 - -2 - (563 + -544).
-27
Calculate (152 - 145) + -1 + 2 + -11 - -17.
14
Evaluate -4 + -6 + 8 - (-2 + 1) - -2.
1
What is 1 + ((-1 - -2) + (18 - 25) - 4)?
-9
What is the value of (5 - 25 - -71) + -24?
27
Evaluate (-418 - -402) + (-3 - (0 + (0 - 2))).
-17
What is 22 - 32 - (0 - 12)?
2
Evaluate 5 + 7 + (2 + -3 - (-5 + 14)).
2
What is 11 + -16 + 4 + -11?
-12
What is the value of (3 - -1) + -4 + -11?
-11
What is the value of -3 + (14 + -6 - (4 - 0))?
1
What is the value of -2 - -3 - (-5 + -12 + -2)?
20
Calculate -31 + 18 - 31 - -33.
-11
Calculate 12 + -26 + (13 - -8).
7
What is the value of -9 + -7 + -7 - (-5 + 4 + 2)?
-24
What is the value of (179 - 191) + (19 - -1)?
8
-195 + 172 - (0 - (1 - -8))
-14
What is the value of 9 + -8 + (-4 - (-6 + -7)) + -2?
8
What is 7 - (-15 + (-28 - -65))?
-15
What is the value of 1 - 18 - -15 - 9?
-11
What is (-5 - -6) + (-13 - -8) + -10?
-14
What is the value of 28 + (-25 - (-12 + 3)) + 9?
21
Calculate 129 + -144 + 21 + -1 - 7.
-2
What is the value of 6 + -7 + 3 - (10 - 2)?
-6
Calculate (35 - (-6 + 11)) + (7 - 15).
22
Calculate 15 + 7 + -22 + 16.
16
What is the value of (-15 - 1) + 0 - -10?
-6
What is the value of 16 + 3 + 9 + -11 + -8?
9
What is the value of 103 + -114 + (2 + -4 - 2 - 4)?
-19
What is 26 + (-26 - (29 - 51))?
22
What is (-2 - (-14 - -10)) + (0 - 2)?
0
-10 + 1 + 30 + -4
17
What is the value of -33 + (33 - 11) - -3?
-8
Evaluate 22 + (-10 - (-15 - -10 - -5)).
12
(11 - 41) + -8 - -2
-36
-29 - (3 - 57) - (7 - -1)
17
1 + 8 + -6 + 0 + 1
4
Calculate (-3 - -9) + -1 + (-3 - -6) + 2.
10
(-18 - 0) + 2 + (17 + -21 - -2)
-18
What is 32 + 9 + (-8 + -4 - (1 - 1))?
29
Evaluate 4 + (-10 - ((11 - 23) + 2)) + -9.
-5
(7 - -4) + -26 + 10
-5
What is the value of (-6 - (8 + -14)) + (-1 - -16)?
15
What is -12 + (23 - 23 - -15) + (0 - 4)?
-1
What is 12 - (3 - (-9 - -3))?
3
10 + (-7 - 33) + (-3 - -11)
-22
55 - 68 - (2 + (3 - 0) + -10)
-8
Evaluate (18 - 5 - 4) + -11 - (0 + -7).
5
Calculate 16 - 1 - 1 - (478 - 470).
6
What is -9 + 2 + (0 - -2 - (-6 + 9))?
-8
12 + (-13 - -10) + 2
11
What is -931 - -956 - (47 - -2)?
-24
What is the value of (-5 - 5) + (8 - -7) + -8?
-3
Evaluate 4 - (-12 + 9 + -2 + (10 - 1)).
0
What is the value of -12 + 1 - (-112 + 110 + (1 - 8))?
-2
What is (-37 - -41) + -3 + (-5 - 0)?
-4
What is the value of (-4 - (2 - 5)) + -22 - (2 - 9)?
-16
-2 + (3 + (6 - 11) - -3 - 7)
-8
Calculate -2 + -2 + (-3 - (0 - 17)) + -15.
-5
What is -2 - (21 + -12 + -23)?
12
Evaluate -28 + 14 + (-14 - 0 - -14).
-14
Calculate -4 + (3 - ((-15 - -1) + -10)).
23
Calculate 2 + 19 + -8 + -4 + -1 + 8.
16
Calculate (0 - (2 + -5) - -2) + -16.
-11
What is 2 + -4 + -7 + 18?
9
What is the value of 12 + -10 + -12 - (2 - 6 - 0)?
-6
-44 + 37 + (35 - (3 + -5))
30
What is the value of (-9 - -9) + 10 - (4 - (-6 + 5))?
5
-39 + (-28 - (-64 + -2))
-1
Evaluate -6 + 25 - ((6 - -2) + 0 - 2).
13
Evaluate 4 + 10 + 7 + -10 - 11.
0
4 + -15 - (-4 + -3 + 3)
-7
-9 + 4 + (10 - -7)
12
Evaluate -12 + 17 + -50 + 1 - (-54 - -42).
-32
Calculate -2 + 4 + 6 + -8 + 1.
1
Calculate (2 - 30 - (86 - 90)) + 8.
-16
Evaluate (3 + -5 + 2 - (-3 + 7)) + 1.
-3
9 + 3 + 1 + -5 + 3
11
Calculate 6 + (-34 - 14 - -23).
-19
5 - (-12 + 7) - 17
-7
What is -19 + (12 - 12) + 9?
-10
Calculate 2 - (7 + -9 - -22 - 3).
-15
What is the value of -5 + (-9 - 8 - -33)?
11
3 - ((41 - 52) + 16)
-2
Evaluate 4 + 6 + 0 + (1 - -3).
14
11 + -9 + (12 - 24)
-10
Evaluate (14 - (2 - -7)) + -10.
-5
Evaluate -148 + 176 + -9 + 0.
19
Evaluate 5 + 0 + (2 - 0 - 4) - -1.
4
What is (28 + -8 - 10) + -22 + 22?
10
What is the value of 3 + 18 + -10 - -7?
18
Evaluate (0 - -1) + -1 - (100 - 106) - -7.
13
What is the value of 3 + 5 - (-29 + 30)?
7
Evaluate (5 - -21) + -6 + (-22 - -23).
21
Evaluate (1 - (3 - -2)) + 6 - (-8 + 12).
-2
What is 3 + (6 - 14 - (-19 + 21))?
-7
What is the value of -2 + (-6 - -11) + -11 + 17 - 17?
-8
Evaluate 2 + -8 - (-36 + 2 + 6).
22
-10 - -25 - 5 - (1 + -3) - 36
-24
(-1 - -6) + 3 - 2 - (11 - -2)
-7
Calculate -9 - (2 - -8) - -4.
-15
What is -21 - ((0 - -12) + -31)?
-2
What is 5 + 2 - 4 - (10 - 19 - -11)?
1
Calculate (6 - (1 - -9)) + 7 - 4.
-1
What is the value of -3 + -24 - (-7 + (-2 - 7) + 13)?
-24
(14 - (14 - 13)) + (-15 - (7 + -10))
1
3 + (59 - 25 - 20)
17
Calculate -457 - -476 - (2 - 2 - -10).
9
Evaluate 25 + (3 - 3) + -10 - 10.
5
What is the value of 14 - (-3 - ((-10 - -1) + 6))?
14
What is -14 + 12 - -20 - 21?
-3
What is the value of 26 + 10 + -14 + (1 - 7)?
16
Evaluate (5 + 0 - (-46 - -37)) + 9.
23
What is 12 - (5 - (4 + -11))?
0
What is -15 - (7 - 13) - -12?
3
What is the value of -2 + (9 - 8) + -21 + 2 + 7?
-13
What is the value of (-13 + 8 - -14) + (5 - 30)?
-16
20 + (-2 - (-2 - -1 - (-6 - -3)))
16
Calculate 3 - ((-1 - 11) + (60 - 52)).
7
(-6 - 9) + 23 - 26
-18
Evaluate -139 + 105 + (7 - 3) + -7.
-37
(0 - 5 - 29) + (-1 + 1 - -9)
-25
Calculate -9 - -12 - (-49 + 5 - (9 - 20)).
36
What is the value of -4 - (17 + -5 + -5)?
-11
Evaluate -17 - (17 + 8 + -28).
-14
Evaluate (20 - (4 - -29)) + (-3 - (-1 + 1)).
-16
What is (-1 + -2 - 8) + 10 + 0?
-1
Evaluate (-8 - -9) + (10 + 4 + -3 - 6).
6
883 + -879 + (0 - 21)
-17
Calculate -7 - (0 + (-3 - (4 + -8)) - 2).
-6
What is 49 - 55 - (-1 - (6 - (-2 - -2)))?
1
What is 36 + -1 + -1 + -17 + (16 - 1)?
32
Calculate -20 + 21 + -12 + -8.
-19
Calculate -19 - ((-1 - (-22 - -10)) + -20).
-10
Evaluate 30 - (21 - -1) - (-1 + 4 - -1).
4
What is 42 - (8 + -6 + 20)?
20
-40 + 37 + (-4 - (-2 - (-5 - -1)))
-9
-13 + 13 - (-19 + 29 + -2 + -7)
-1
What is 1 + 4 - ((6 - 17) + 4 - -1)?
11
What is the value of 33 + -19 + -4 